, 5, 106681
List the prime factors of 1107081.
3, 131, 313
What are the prime factors of 141535?
5, 28307
List the prime factors of 2482822.
2, 47, 61, 433
What are the prime factors of 174675?
3, 5, 17, 137
List the prime factors of 254380.
2, 5, 7, 23, 79
What are the prime factors of 471082?
2, 235541
List the prime factors of 2071910.
2, 5, 207191
What are the prime factors of 894267?
3, 11, 3011
What are the prime factors of 16646484?
2, 3, 1387207
List the prime factors of 2972936.
2, 371617
What are the prime factors of 7682439?
3, 1153, 2221
List the prime factors of 2862811.
7, 43, 9511
What are the prime factors of 1087475?
5, 43499
What are the prime factors of 14876804?
2, 3719201
What are the prime factors of 2954471?
13, 227267
What are the prime factors of 113613?
3, 37871
What are the prime factors of 144876?
2, 3, 12073
List the prime factors of 191112.
2, 3, 7963
List the prime factors of 667465.
5, 133493
What are the prime factors of 462256?
2, 167, 173
What are the prime factors of 517953?
3, 41, 4211
What are the prime factors of 23962?
2, 11981
List the prime factors of 676949.
7, 13, 43, 173
What are the prime factors of 2812241?
2812241
What are the prime factors of 3249557?
3249557
What are the prime factors of 293278?
2, 146639
List the prime factors of 17602219.
17602219
What are the prime factors of 373601?
547, 683
List the prime factors of 818464.
2, 25577
What are the prime factors of 1720645?
5, 43, 53, 151
List the prime factors of 5224631.
5224631
What are the prime factors of 2658975?
3, 5, 11, 293
What are the prime factors of 881336?
2, 41, 2687
List the prime factors of 34198.
2, 17099
What are the prime factors of 4505528?
2, 79, 7129
List the prime factors of 935822.
2, 107, 4373
List the prime factors of 183300.
2, 3, 5, 13, 47
List the prime factors of 683490.
2, 3, 5, 22783
What are the prime factors of 1601393?
137, 11689
List the prime factors of 11042.
2, 5521
What are the prime factors of 48109?
48109
List the prime factors of 41895.
3, 5, 7, 19
List the prime factors of 33927.
3, 43, 263
List the prime factors of 593858.
2, 296929
List the prime factors of 1165258.
2, 53, 10993
List the prime factors of 9706610.
2, 5, 127, 7643
What are the prime factors of 5500?
2, 5, 11
What are the prime factors of 6877081?
67, 102643
What are the prime factors of 1341878?
2, 17, 61, 647
List the prime factors of 15166222.
2, 7583111
What are the prime factors of 7257024?
2, 3, 43, 293
List the prime factors of 62386.
2, 31193
List the prime factors of 110738.
2, 17, 3257
List the prime factors of 252192.
2, 3, 37, 71
List the prime factors of 7109232.
2, 3, 13, 11393
List the prime factors of 27567756.
2, 3, 47, 5431
What are the prime factors of 6159?
3, 2053
List the prime factors of 1613749.
23, 70163
What are the prime factors of 869944?
2, 37, 2939
What are the prime factors of 70524?
2, 3, 653
What are the prime factors of 849881?
17, 49993
List the prime factors of 3542491.
37, 67, 1429
What are the prime factors of 444250?
2, 5, 1777
What are the prime factors of 280709?
11, 13, 151
What are the prime factors of 707226?
2, 3, 13, 9067
What are the prime factors of 3416417?
31, 191, 577
What are the prime factors of 2219844?
2, 3, 11, 67, 251
What are the prime factors of 13829599?
7, 1975657
What are the prime factors of 7291522?
2, 7, 41, 12703
What are the prime factors of 368852?
2, 11, 83, 101
List the prime factors of 11667715.
5, 29, 67, 1201
What are the prime factors of 421649?
557, 757
What are the prime factors of 271774?
2, 135887
What are the prime factors of 55559?
7, 7937
List the prime factors of 1326549.
3, 7, 181, 349
What are the prime factors of 739996?
2, 184999
List the prime factors of 20056246.
2, 7, 1432589
List the prime factors of 2675206.
2, 1337603
What are the prime factors of 46571?
7, 6653
List the prime factors of 166359.
3, 23, 2411
What are the prime factors of 1211110?
2, 5, 281, 431
What are the prime factors of 5859457?
23, 373, 683
List the prime factors of 5904005.
5, 71, 16631
What are the prime factors of 137224?
2, 17, 1009
List the prime factors of 1505300.
2, 5, 15053
List the prime factors of 30784360.
2, 5, 269, 2861
What are the prime factors of 237073?
237073
What are the prime factors of 9233948?
2, 23, 29, 3461
What are the prime factors of 397231?
163, 2437
List the prime factors of 454921.
454921
What are the prime factors of 1102668?
2, 3, 7, 13127
List the prime factors of 570440.
2, 5, 13, 1097
What are the prime factors of 322447?
89, 3623
What are the prime factors of 3999841?
47, 85103
List the prime factors of 349606.
2, 67, 2609
List the prime factors of 12190715.
5, 43, 56701
List the prime factors of 545047.
37, 14731
What are the prime factors of 6717658?
2, 137, 24517
What are the prime factors of 3320213?
13, 97, 2633
List the prime factors of 384055.
5, 7, 10973
List the prime factors of 1818106.
2, 37, 79, 311
What are the prime factors of 14063891?
14063891
What are the prime factors of 1371271?
11, 17, 7333
What are the prime factors of 2734321?
2734321
What are the prime factors of 1516952?
2, 189619
List the prime factors of 74796.
2, 3, 23, 271
List the prime factors of 6099380.
2, 5, 7, 19, 2293
List the prime factors of 373373.
7, 11, 13, 373
List the prime factors of 7041530.
2, 5, 704153
List the prime factors of 3448917.
3, 163, 2351
What are the prime factors of 136307?
31, 4397
What are the prime factors of 1585948?
2, 7, 13, 4357
List the prime factors of 1916609.
181, 10589
What are the prime factors of 152120?
2, 5, 3803
List the prime factors of 4431741.
3, 173, 8539
List the prime factors of 4004553.
3, 7, 23, 8291
What are the prime factors of 28462398?
2, 3, 29, 37, 4421
What are the prime factors of 3457474?
2, 1728737
What are the prime factors of 5025025?
5, 19, 71, 149
What are the prime factors of 17020459?
109, 156151
What are the prime factors of 1072117?
47, 22811
What are the prime factors of 384780?
2, 3, 5, 11, 53
List the prime factors of 733940.
2, 5, 36697
What are the prime factors of 1704556?
2, 7, 17, 3581
List the prime factors of 428792.
2, 7, 13, 19, 31
List the prime factors of 969901.
17, 59, 967
List the prime factors of 19019501.
683, 27847
What are the prime factors of 1033075?
5, 31, 43
What are the prime factors of 685285?
5, 23, 59, 101
List the prime factors of 2090981.
31, 37, 1823
What are the prime factors of 1749845?
5, 269, 1301
What are the prime factors of 225378?
2, 3, 19, 659
List the prime factors of 16812657.
3, 541, 1151
What are the prime factors of 386101?
23, 16787
List the prime factors of 593981.
101, 5881
List the prime factors of 2344889.
2344889
What are the prime factors of 25620827?
23, 1113949
List the prime factors of 460163.
11, 3803
What are the prime factors of 1468420?
2, 5, 73421
What are the prime factors of 55879?
17, 19, 173
What are the prime factors of 342015?
3, 5, 151
List the prime factors of 104085.
3, 5, 257
What are the prime factors of 1204492?
2, 301123
List the prime factors of 2997689.
2997689
What are the prime factors of 1436282?
2, 89, 8069
What are the prime factors of 413620?
2, 5, 20681
List the prime factors of 646063.
11, 58733
List the prime factors of 92238.
2, 3, 15373
What are the prime factors of 237581?
237581
What are the prime factors of 852660?
2, 3, 5, 1579
List the prime factors of 171737.
199, 863
List the prime factors of 248535.
3, 5, 7, 263
What are the prime factors of 672293?
672293
What are the prime factors of 12765184?
2, 23, 271
List the prime factors of 5062597.
5062597
What are the prime factors of 17123089?
1523, 11243
What are the prime factors of 8113719?
3, 769, 3517
List the prime factors of 444086.
2, 222043
List the prime factors of 88721.
88721
List the prime factors of 400417.
400417
What are the prime factors of 1605898?
2, 7, 251, 457
List the prime factors of 220707.
3, 137, 179
List the prime factors of 4055765.
5, 7, 115879
List the prime factors of 755913.
3, 251971
List the prime factors of 60409.
193, 313
What are the prime factors of 94513?
94513
What are the prime factors of 1013474?
2, 7, 11, 6581
What are the prime factors of 4857566?
2, 7, 73, 97
What are the prime factors of 74681?
17, 